52?
7191
In base 12, what is 233 - -1bb21?
20154
In base 2, what is -10111010001 + 1101100100?
-1001101101
In base 2, what is 111010000001011111010001 + 100?
111010000001011111010101
In base 16, what is 3 + e3727a5?
e3727a8
In base 10, what is -4 - -598617?
598613
In base 9, what is 1008372 - -26?
1008408
In base 6, what is 22022 + 322255?
344321
In base 2, what is 10011111011010100101110010010 - -11?
10011111011010100101110010101
In base 2, what is -1101001010000011010001 - 1001?
-1101001010000011011010
In base 16, what is -28d26 + 4b?
-28cdb
In base 16, what is 1b - -11d063?
11d07e
In base 12, what is 53b5921 - 3?
53b591a
In base 14, what is -5 + 13906a?
139065
In base 5, what is 14 + -341113132?
-341113113
In base 7, what is -23240 + -10421?
-33661
In base 10, what is 17907815 - -3?
17907818
In base 8, what is 51536752 - 0?
51536752
In base 10, what is -124 + -712304?
-712428
In base 15, what is -c981799 - 5?
-c98179e
In base 15, what is 11 + e83c?
e84d
In base 9, what is 3 + 4246810?
4246813
In base 6, what is -21 + 151022551?
151022530
In base 8, what is -51364661 + -21?
-51364702
In base 4, what is -3 - 3012213313220?
-3012213313223
In base 9, what is 17 - 824856?
-824838
In base 11, what is -5 - -9512700?
95126a6
In base 7, what is -660561645 + 2?
-660561643
In base 9, what is 42624 - -2100?
44724
In base 9, what is -112463341 + -5?
-112463346
In base 16, what is 25e5 - 9fcb?
-79e6
In base 14, what is -28657 - 1b?
-28674
In base 15, what is -3 - a0683d?
-a06841
In base 14, what is 69 + 8911?
897a
In base 9, what is -2 + 12404461?
12404458
In base 8, what is 6562333 - -15?
6562350
In base 13, what is -100 + -41402?
-41502
In base 15, what is -c10245 + -7?
-c1024c
In base 2, what is -100110010110100 - 10000?
-100110011000100
In base 2, what is -11000011 - -10111000111111101?
10111000100111010
In base 13, what is -432 + -17697?
-17ac9
In base 10, what is -149035 + -3?
-149038
In base 10, what is 8022544 + -5?
8022539
In base 2, what is 100110001111111100 + 1100101001?
100110011100100101
In base 14, what is -14 - 4a7b208?
-4a7b21c
In base 4, what is -21222002 + -3013?
-21231021
In base 9, what is 123 + -874361?
-874237
In base 11, what is -1624 - -143?
-1491
In base 15, what is -1 - 24d09a?
-24d09b
In base 13, what is -44 - 285691?
-285705
In base 4, what is -21112 - 1300312?
-1322030
In base 9, what is -2 + -144275145?
-144275147
In base 16, what is 1b2e - -1c92?
37c0
In base 10, what is 106 - -72399?
72505
In base 15, what is -7 + 68e343?
68e33b
In base 15, what is 3 - -1b7a92?
1b7a95
In base 14, what is -73 - 16dd7a?
-17000d
In base 4, what is 2010111003020 + 11?
2010111003031
In base 3, what is -121222212221 + 201220?
-121222011001
In base 13, what is 135cc - -21?
13620
In base 12, what is 72853425 + 3?
72853428
In base 9, what is 2 - -4732878?
4732881
In base 13, what is 10 - -24aa88?
24aa98
In base 6, what is 155114123 + -22?
155114101
In base 16, what is 3 + -2931c4?
-2931c1
In base 4, what is -3133 - 10201221223?
-10201231022
In base 5, what is 1200041040240 + -3?
1200041040232
In base 3, what is 0 - 10000112210?
-10000112210
In base 10, what is 16 - -3340318?
3340334
In base 13, what is 1785 - -59c?
2054
In base 10, what is -401501 - -72?
-401429
In base 11, what is -1a9433a81 + -5?
-1a9433a86
In base 3, what is -2 + 22010112102102?
22010112102100
In base 8, what is 3 - -13614453?
13614456
In base 16, what is 1e - c61ab?
-c618d
In base 6, what is -1010201005 + -213?
-1010201222
In base 2, what is 10101100011000111 + -100100111100?
10100111110001011
In base 2, what is -1000100110 + 11010110001101110100?
11010110000101001110
In base 14, what is -237 + -54714?
-5494b
In base 3, what is 122201010 + 101102112?
1001010122
In base 9, what is 6 - 1821163?
-1821156
In base 6, what is 10403044530 + 4?
10403044534
In base 6, what is 24155253 + 100?
24155353
In base 8, what is 16 + 21600706?
21600724
In base 9, what is 3 - -1276661?
1276664
In base 15, what is 1e - -11b1d5?
11b204
In base 7, what is -25515565 + -25?
-25515623
In base 10, what is 2930426 + 112?
2930538
In base 5, what is 2 + 1314414231330?
1314414231332
In base 9, what is 0 + -165248123?
-165248123
In base 11, what is 1 + 6725197?
6725198
In base 12, what is 16aa4 - -120b8?
28ba0
In base 14, what is -3 + 334475?
334472
In base 2, what is -111111101010011111001 - 100?
-111111101010011111101
In base 10, what is 1077465 - 645?
1076820
In base 5, what is 13011 + 11214440?
11233001
In base 13, what is 29 - -1636ab7?
1636b13
In base 14, what is 18 - -17313c?
173156
In base 10, what is -3250286 + -3?
-3250289
In base 12, what is a1369a10 - 3?
a1369a09
In base 5, what is 3042042 + 444?
3043041
In base 7, what is 3202341253 - 0?
3202341253
In base 15, what is 1a - 7747b?
-77461
In base 9, what is 203 + -503644?
-503441
In base 8, what is -36 + -1453332?
-1453370
In base 8, what is -24 - -5423053?
5423027
In base 16, what is 2c + -e56ce?
-e56a2
In base 16, what is -4 + 7aae1fb?
7aae1f7
In base 6, what is 2 + -105332202?
-105332200
In base 11, what is 8874a60 + 5?
8874a65
In base 9, what is 404 - -6765?
7270
In base 5, what is 2 + -142304330404?
-142304330402
In base 13, what is -ac789c + -5?
-ac78a4
In base 7, what is -103435 - 30521?
-134256
In base 15, what is 5 + -4b59077?
-4b59072
In base 9, what is 865516 - -170?
865686
In base 11, what is 9 - -189403?
189411
In base 10, what is 36 - 4317534?
-4317498
In base 3, what is -10101022021222002 - 10?
-10101022021222012
In base 7, what is 10364526 - -102?
10364631
In base 3, what is 2101001 - -100101012?
102202020
In base 7, what is 4 + 102413136?
102413143
In base 6, what is 2 - -33503051?
33503053
In base 3, what is 1111 + -122021220?
-122020102
In base 16, what is ee - 6846?
-6758
In base 4, what is 23 - -2000200310233?
2000200310322
In base 4, what is -101313 - 332213131?
-332321110
In base 4, what is 0 + 231000312222?
231000312222
In base 16, what is -7 - -5dd21?
5dd1a
In base 10, what is -328 + -6098?
-6426
In base 11, what is -a6337 - 191?
-a6518
In base 14, what is -32d - 4744b?
-4777a
In base 10, what is -6570 - -1327?
-5243
In base 12, what is 1 - 2055268a?
-20552689
In base 8, what is 120061643 + -4?
120061637
In base 2, what is -1 + -10111110100111101101010111?
-10111110100111101101011000
In base 3, what is -111001202220101100 + -10?
-111001202220101110
In base 8, what is -626610354 - -5?
-626610347
In base 11, what is 36307 + -29?
36289
In base 16, what is -133b3 - 20a?
-135bd
In base 9, what is 2 + -3572744?
-3572742
In base 13, what is -1120 + bb489?
ba369
In base 15, what is 255 + -401b?
-3cb6
In base 4, what is -120 - 1010320303?
-1010321023
In base 4, what is -30231 - -1031?
-23200
In base 3, what is 100200 + 1002220121?
1010021021
In base 11, what is 83 + 41063?
41136
In base 6, what is -13124 - 1042214?
-1055342
In base 3, what is -20 + 222120220102100?
222120220102010
In base 3, what is 120 - 122022002201?
-122022002011
In base 16, what is 7 - -1d6334?
1d633b
In base 4, what is 3331200 + -1113?
3330021
In base 12, what is -a661350 + 0?
-a661350
In base 16, what is -42c6f + 7?
-42c68
In base 2, what is -1000001111100111000 - 10011?
-1000001111101001011
In base 2, what is 11010 + -10001001111010010100?
-10001001111001111010
In base 6, what is 24203 + -4511?
15252
In base 4, what is 10332201133 + 1?
10332201200
In base 3, what is 2110 + 10002101212?
10002111022
In base 2, what is -100111001 - 10100000000110000?
-10100000101101001
In base 12, what is 0 + 36b184?
36b184
In base 15, what is -8d4 + 1ab85?
1a2a1
In base 2, what is 11001010101001 + -10001?
11001010011000
In base 2, what is 0 - 100011100111110011010001?
-100011100111110011010001
In base 12, what is 2a977 + -32?
2a945
In base 4, what is 122210032113 - 1?
122210032112
In base 4, what is 1232000 + 220012?
2112012
In base 2, what is 10011 - 1110011100011010010001?
-1110011100011001111110
In base 13, what is 2 + -36b852b?
-36b8529
In base 15, what is 876b + -155e?
720c
In base 7, what is 4123 + 12242?
16365
In base 9, what is 6 - -2673632?
2673638
In base 13, what is -b7077318 + 2?
-b7077316
In base 14, what is -232920 - -14?
-23290a
In base 9, what is 5255 + 1363?
6628
In base 16, what is -1c - 30716?
-30732
In base 3, what is -100120212122 - 210012?
-100121122